CRAN Package Check Results for Package DeBoinR

Last updated on 2025-10-20 20:49:25 CEST.

Flavor Version Tinstall Tcheck Ttotal Status Flags
r-devel-linux-x86_64-debian-clang 1.0 7.41 61.78 69.19 OK
r-devel-linux-x86_64-debian-gcc 1.0 5.07 45.13 50.20 NOTE
r-devel-linux-x86_64-fedora-clang 1.0 107.32 OK
r-devel-linux-x86_64-fedora-gcc 1.0 99.66 OK
r-devel-windows-x86_64 1.0 8.00 68.00 76.00 OK
r-patched-linux-x86_64 1.0 7.52 57.99 65.51 OK
r-release-linux-x86_64 1.0 7.77 57.59 65.36 OK
r-release-macos-arm64 1.0 31.00 OK
r-release-macos-x86_64 1.0 50.00 OK
r-release-windows-x86_64 1.0 10.00 71.00 81.00 OK
r-oldrel-macos-arm64 1.0 28.00 OK
r-oldrel-macos-x86_64 1.0 41.00 OK
r-oldrel-windows-x86_64 1.0 12.00 91.00 103.00 OK

Check Details

Version: 1.0
Check: HTML version of manual
Result: NOTE Found the following HTML validation problems: print.DeBoinR.html:44:1 (print.DeBoinR.Rd:9): Warning: missing </ul> before </div> Flavor: r-devel-linux-x86_64-debian-gcc