CRAN Package Check Results for Package DCEmgmt

Last updated on 2025-10-07 08:50:17 CEST.

Flavor Version Tinstall Tcheck Ttotal Status Flags
r-devel-linux-x86_64-debian-clang 0.0.1 3.43 25.33 28.76 NOTE
r-devel-linux-x86_64-debian-gcc 0.0.1 2.43 20.71 23.14 NOTE
r-devel-linux-x86_64-fedora-clang 0.0.1 43.88 NOTE
r-devel-linux-x86_64-fedora-gcc 0.0.1 57.61 NOTE
r-devel-windows-x86_64 0.0.1 5.00 46.00 51.00 NOTE
r-patched-linux-x86_64 0.0.1 3.62 24.04 27.66 NOTE
r-release-linux-x86_64 0.0.1 3.75 23.90 27.65 NOTE
r-release-macos-arm64 0.0.1 37.00 NOTE
r-release-macos-x86_64 0.0.1 44.00 NOTE
r-release-windows-x86_64 0.0.1 5.00 46.00 51.00 NOTE
r-oldrel-macos-arm64 0.0.1 24.00 NOTE
r-oldrel-macos-x86_64 0.0.1 35.00 NOTE
r-oldrel-windows-x86_64 0.0.1 6.00 51.00 57.00 NOTE

Check Details

Version: 0.0.1
Check: Rd files
Result: NOTE checkRd: (-1) data.Rd:11: Lost braces 11 | \doi{10.1007/s40258-021-00647-3}{DOI} | ^ Flavors: r-devel-linux-x86_64-debian-clang, r-devel-linux-x86_64-debian-gcc, r-devel-linux-x86_64-fedora-clang, r-devel-linux-x86_64-fedora-gcc, r-devel-windows-x86_64, r-patched-linux-x86_64, r-release-linux-x86_64, r-release-macos-arm64, r-release-macos-x86_64, r-release-windows-x86_64, r-oldrel-macos-arm64, r-oldrel-macos-x86_64, r-oldrel-windows-x86_64