Last updated on 2025-10-09 20:50:11 CEST.
Flavor | Version | Tinstall | Tcheck | Ttotal | Status | Flags |
---|---|---|---|---|---|---|
r-devel-linux-x86_64-debian-clang | 1.25.6 | 8.85 | 107.62 | 116.47 | NOTE | |
r-devel-linux-x86_64-debian-gcc | 1.25.7 | 5.94 | 76.84 | 82.78 | OK | |
r-devel-linux-x86_64-fedora-clang | 1.25.7 | 181.17 | OK | |||
r-devel-linux-x86_64-fedora-gcc | 1.25.7 | 193.42 | OK | |||
r-devel-windows-x86_64 | 1.25.6 | 13.00 | 154.00 | 167.00 | NOTE | |
r-patched-linux-x86_64 | 1.25.6 | 10.63 | 103.10 | 113.73 | NOTE | |
r-release-linux-x86_64 | 1.25.6 | 7.27 | 102.15 | 109.42 | NOTE | |
r-release-macos-arm64 | 1.25.7 | 55.00 | OK | |||
r-release-macos-x86_64 | 1.25.7 | 154.00 | OK | |||
r-release-windows-x86_64 | 1.25.6 | 13.00 | 157.00 | 170.00 | NOTE | |
r-oldrel-macos-arm64 | 1.25.7 | 58.00 | OK | |||
r-oldrel-macos-x86_64 | 1.25.7 | 157.00 | OK | |||
r-oldrel-windows-x86_64 | 1.25.6 | 16.00 | 186.00 | 202.00 | OK |
Version: 1.25.6
Check: CRAN incoming feasibility
Result: NOTE
Maintainer: ‘W. John Braun <john.braun@ubc.ca>’
No Authors@R field in DESCRIPTION.
Please add one, modifying
Authors@R: c(person(given = c("John", "H"),
family = "Maindonald",
role = "aut",
email = "john@statsresearch.co.nz"),
person(given = c("W.", "John"),
family = "Braun",
role = c("aut", "cre"),
email = "john.braun@ubc.ca"))
as necessary.
Flavor: r-devel-linux-x86_64-debian-clang
Version: 1.25.6
Check: Rd cross-references
Result: NOTE
Found the following Rd file(s) with Rd \link{} targets missing package
anchors:
DAAGtheme.Rd: theEconomist.theme, standard.theme, simpleTheme,
custom.theme
Please provide package anchors for all Rd \link{} targets not in the
package itself and the base packages.
Flavors: r-devel-linux-x86_64-debian-clang, r-devel-windows-x86_64, r-patched-linux-x86_64, r-release-linux-x86_64, r-release-windows-x86_64