Last updated on 2025-07-22 08:48:28 CEST.
Flavor | Version | Tinstall | Tcheck | Ttotal | Status | Flags |
---|---|---|---|---|---|---|
r-devel-linux-x86_64-debian-clang | 1.0.4 | 14.98 | 143.72 | 158.70 | NOTE | |
r-devel-linux-x86_64-debian-gcc | 1.0.4 | 10.56 | 107.20 | 117.76 | NOTE | |
r-devel-linux-x86_64-fedora-clang | 1.0.4 | 238.03 | NOTE | |||
r-devel-linux-x86_64-fedora-gcc | 1.0.4 | 242.07 | NOTE | |||
r-devel-windows-x86_64 | 1.0.4 | 14.00 | 140.00 | 154.00 | NOTE | |
r-patched-linux-x86_64 | 1.0.4 | 13.45 | 138.15 | 151.60 | NOTE | |
r-release-linux-x86_64 | 1.0.4 | 14.07 | 132.70 | 146.77 | NOTE | |
r-release-macos-arm64 | 1.0.4 | 80.00 | NOTE | |||
r-release-macos-x86_64 | 1.0.4 | 176.00 | NOTE | |||
r-release-windows-x86_64 | 1.0.4 | 15.00 | 139.00 | 154.00 | NOTE | |
r-oldrel-macos-arm64 | 1.0.4 | 89.00 | NOTE | |||
r-oldrel-macos-x86_64 | 1.0.4 | 127.00 | NOTE | |||
r-oldrel-windows-x86_64 | 1.0.4 | 19.00 | 187.00 | 206.00 | NOTE |
Version: 1.0.4
Check: Rd files
Result: NOTE
checkRd: (-1) binary_class_cm.Rd:19: Lost braces in \itemize; \value handles \item{}{} directly
checkRd: (-1) binary_class_cm.Rd:20: Lost braces in \itemize; \value handles \item{}{} directly
checkRd: (-1) binary_class_cm.Rd:21: Lost braces in \itemize; \value handles \item{}{} directly
checkRd: (-1) binary_class_cm.Rd:22: Lost braces in \itemize; \value handles \item{}{} directly
checkRd: (-1) multi_class_cm.Rd:19: Lost braces in \itemize; \value handles \item{}{} directly
checkRd: (-1) multi_class_cm.Rd:20: Lost braces in \itemize; \value handles \item{}{} directly
checkRd: (-1) multi_class_cm.Rd:21: Lost braces in \itemize; \value handles \item{}{} directly
checkRd: (-1) multi_class_cm.Rd:22: Lost braces in \itemize; \value handles \item{}{} directly
Flavors: r-devel-linux-x86_64-debian-clang, r-devel-linux-x86_64-debian-gcc, r-devel-linux-x86_64-fedora-clang, r-devel-linux-x86_64-fedora-gcc, r-devel-windows-x86_64, r-patched-linux-x86_64, r-release-linux-x86_64, r-release-macos-arm64, r-release-macos-x86_64, r-release-windows-x86_64, r-oldrel-macos-arm64, r-oldrel-macos-x86_64, r-oldrel-windows-x86_64