Last updated on 2025-07-22 08:48:27 CEST.
Flavor | Version | Tinstall | Tcheck | Ttotal | Status | Flags |
---|---|---|---|---|---|---|
r-devel-linux-x86_64-debian-clang | 2.1.3 | 8.34 | 71.90 | 80.24 | NOTE | |
r-devel-linux-x86_64-debian-gcc | 2.1.3 | 6.58 | 53.91 | 60.49 | NOTE | |
r-devel-linux-x86_64-fedora-clang | 2.1.3 | 129.45 | OK | |||
r-devel-linux-x86_64-fedora-gcc | 2.1.3 | 119.26 | OK | |||
r-devel-windows-x86_64 | 2.1.3 | 10.00 | 79.00 | 89.00 | OK | |
r-patched-linux-x86_64 | 2.1.3 | 9.54 | 68.84 | 78.38 | OK | |
r-release-linux-x86_64 | 2.1.3 | 8.97 | 68.61 | 77.58 | OK | |
r-release-macos-arm64 | 2.1.3 | 41.00 | OK | |||
r-release-macos-x86_64 | 2.1.3 | 70.00 | OK | |||
r-release-windows-x86_64 | 2.1.3 | 10.00 | 81.00 | 91.00 | OK | |
r-oldrel-macos-arm64 | 2.1.3 | 36.00 | OK | |||
r-oldrel-macos-x86_64 | 2.1.3 | 55.00 | OK | |||
r-oldrel-windows-x86_64 | 2.1.3 | 13.00 | 100.00 | 113.00 | OK |
Version: 2.1.3
Check: CRAN incoming feasibility
Result: NOTE
Maintainer: ‘Mengying Zhang <zhangmengying@hrbmu.edu.cn>’
No Authors@R field in DESCRIPTION.
Please add one, modifying
Authors@R: c(person(given = c("Mengying", "Zhang,Yongsheng", "Li,Juan", "Xu*,Xia"),
family = "Li*",
role = "aut"),
person(given = "Mengying",
family = "Zhang",
role = "cre",
email = "zhangmengying@hrbmu.edu.cn"))
as necessary.
Flavors: r-devel-linux-x86_64-debian-clang, r-devel-linux-x86_64-debian-gcc