Last updated on 2025-10-31 19:58:07 CET.
| Flavor | Version | Tinstall | Tcheck | Ttotal | Status | Flags | 
|---|---|---|---|---|---|---|
| r-devel-linux-x86_64-debian-clang | 1.0.0 | 128.83 | 159.21 | 288.04 | OK | |
| r-devel-linux-x86_64-debian-gcc | 1.0.0 | 110.66 | 120.20 | 230.86 | OK | |
| r-devel-linux-x86_64-fedora-clang | 1.0.0 | 300.00 | 149.64 | 449.64 | NOTE | |
| r-devel-linux-x86_64-fedora-gcc | 1.0.0 | 384.00 | 134.82 | 518.82 | NOTE | |
| r-devel-windows-x86_64 | 1.0.0 | 144.00 | 173.00 | 317.00 | OK | |
| r-patched-linux-x86_64 | 1.0.0 | 155.94 | 160.33 | 316.27 | OK | |
| r-release-linux-x86_64 | 1.0.0 | 153.46 | 160.18 | 313.64 | OK | |
| r-release-macos-arm64 | 1.0.0 | 53.00 | 55.00 | 108.00 | OK | |
| r-release-macos-x86_64 | 1.0.0 | 110.00 | 106.00 | 216.00 | OK | |
| r-release-windows-x86_64 | 1.0.0 | 150.00 | 170.00 | 320.00 | OK | |
| r-oldrel-macos-arm64 | 1.0.0 | 27.00 | 36.00 | 63.00 | NOTE | |
| r-oldrel-macos-x86_64 | 1.0.0 | 55.00 | 59.00 | 114.00 | NOTE | |
| r-oldrel-windows-x86_64 | 1.0.0 | 172.00 | 220.00 | 392.00 | NOTE | 
Version: 1.0.0
Check: dependencies in R code
Result: NOTE
  Namespace in Imports field not imported from: ‘rstantools’
    All declared Imports should be used.
Flavors: r-devel-linux-x86_64-fedora-clang, r-devel-linux-x86_64-fedora-gcc
Version: 1.0.0
Check: installed package size
Result: NOTE
    installed size is 41.1Mb
    sub-directories of 1Mb or more:
      libs  40.8Mb
Flavors: r-oldrel-macos-arm64, r-oldrel-macos-x86_64
Version: 1.0.0
Check: for GNU extensions in Makefiles
Result: NOTE
  GNU make is a SystemRequirements.
Flavors: r-oldrel-macos-arm64, r-oldrel-macos-x86_64, r-oldrel-windows-x86_64