Last updated on 2025-11-04 07:49:48 CET.
| Flavor | Version | Tinstall | Tcheck | Ttotal | Status | Flags | 
|---|---|---|---|---|---|---|
| r-devel-linux-x86_64-debian-clang | 1.0.17 | 6.70 | 69.12 | 75.82 | NOTE | |
| r-devel-linux-x86_64-debian-gcc | 1.0.17 | 4.89 | 47.09 | 51.98 | NOTE | |
| r-devel-linux-x86_64-fedora-clang | 1.0.17 | 21.00 | 96.50 | 117.50 | OK | |
| r-devel-linux-x86_64-fedora-gcc | 1.0.17 | 13.00 | 94.26 | 107.26 | OK | |
| r-devel-windows-x86_64 | 1.0.17 | 8.00 | 73.00 | 81.00 | OK | |
| r-patched-linux-x86_64 | 1.0.17 | 6.09 | 63.36 | 69.45 | OK | |
| r-release-linux-x86_64 | 1.0.17 | 6.73 | 63.01 | 69.74 | OK | |
| r-release-macos-arm64 | 1.0.17 | 3.00 | 27.00 | 30.00 | OK | |
| r-release-macos-x86_64 | 1.0.17 | 5.00 | 45.00 | 50.00 | OK | |
| r-release-windows-x86_64 | 1.0.17 | 8.00 | 73.00 | 81.00 | OK | |
| r-oldrel-macos-arm64 | 1.0.17 | 3.00 | 27.00 | 30.00 | OK | |
| r-oldrel-macos-x86_64 | 1.0.17 | 4.00 | 37.00 | 41.00 | OK | |
| r-oldrel-windows-x86_64 | 1.0.17 | 11.00 | 93.00 | 104.00 | OK | 
Version: 1.0.17
Check: CRAN incoming feasibility
Result: NOTE
  Maintainer: ‘John Ford <JoRuFo@gmail.com>’
  
  No Authors@R field in DESCRIPTION.
  Please add one, modifying
    Authors@R: c(person(given = "Stephanie",
                        family = "Lane",
                        role = c("aut", "cre")),
                 person(given = "John",
                        family = "Ford",
                        role = c("aut", "cre"),
                        email = "jorufo@gmail.com"),
                 person(given = "Clark",
                        family = "Jeffries",
                        role = "aut"),
                 person(given = "Diana",
                        family = "Perkins",
                        role = "aut"))
  as necessary.
Flavors: r-devel-linux-x86_64-debian-clang, r-devel-linux-x86_64-debian-gcc