CRAN Package Check Results for Package Buddle

Last updated on 2025-07-22 08:48:27 CEST.

Flavor Version Tinstall Tcheck Ttotal Status Flags
r-devel-linux-x86_64-debian-clang 2.0.1 33.09 27.56 60.65 NOTE
r-devel-linux-x86_64-debian-gcc 2.0.1 25.73 23.01 48.74 NOTE
r-devel-linux-x86_64-fedora-clang 2.0.1 99.69 NOTE
r-devel-linux-x86_64-fedora-gcc 2.0.1 106.63 NOTE
r-devel-windows-x86_64 2.0.1 39.00 65.00 104.00 NOTE
r-patched-linux-x86_64 2.0.1 33.66 26.01 59.67 NOTE
r-release-linux-x86_64 2.0.1 30.23 26.33 56.56 NOTE
r-release-macos-arm64 2.0.1 32.00 NOTE
r-release-macos-x86_64 2.0.1 61.00 NOTE
r-release-windows-x86_64 2.0.1 39.00 85.00 124.00 NOTE
r-oldrel-macos-arm64 2.0.1 32.00 NOTE
r-oldrel-macos-x86_64 2.0.1 42.00 NOTE
r-oldrel-windows-x86_64 2.0.1 46.00 81.00 127.00 NOTE

Check Details

Version: 2.0.1
Check: CRAN incoming feasibility
Result: NOTE Maintainer: ‘Jiwoong Kim <jwboys26@gmail.com>’ No Authors@R field in DESCRIPTION. Please add one, modifying Authors@R: person(given = "Jiwoong", family = "Kim", role = c("aut", "cre"), email = "jwboys26atgmail.com") as necessary. Flavors: r-devel-linux-x86_64-debian-clang, r-devel-linux-x86_64-debian-gcc

Version: 2.0.1
Check: C++ specification
Result: NOTE Specified C++11: please drop specification unless essential Flavors: r-devel-linux-x86_64-debian-clang, r-devel-linux-x86_64-debian-gcc, r-devel-linux-x86_64-fedora-clang, r-devel-linux-x86_64-fedora-gcc, r-devel-windows-x86_64, r-patched-linux-x86_64, r-release-linux-x86_64, r-release-macos-arm64, r-release-macos-x86_64, r-release-windows-x86_64, r-oldrel-macos-arm64, r-oldrel-macos-x86_64, r-oldrel-windows-x86_64