Last updated on 2025-10-30 18:49:47 CET.
| Flavor | Version | Tinstall | Tcheck | Ttotal | Status | Flags | 
|---|---|---|---|---|---|---|
| r-devel-linux-x86_64-debian-clang | 1.2.7 | 42.79 | 92.62 | 135.41 | OK | |
| r-devel-linux-x86_64-debian-gcc | 1.2.7 | 29.46 | 64.92 | 94.38 | OK | |
| r-devel-linux-x86_64-fedora-clang | 1.2.7 | 113.00 | 124.47 | 237.47 | OK | |
| r-devel-linux-x86_64-fedora-gcc | 1.2.7 | 97.00 | 130.74 | 227.74 | OK | |
| r-devel-windows-x86_64 | 1.2.7 | 55.00 | 188.00 | 243.00 | OK | |
| r-patched-linux-x86_64 | 1.2.7 | 43.38 | 89.43 | 132.81 | OK | |
| r-release-linux-x86_64 | 1.2.7 | 43.01 | 89.71 | 132.72 | OK | |
| r-release-macos-arm64 | 1.2.7 | 21.00 | 49.00 | 70.00 | OK | |
| r-release-macos-x86_64 | 1.2.7 | 31.00 | 98.00 | 129.00 | OK | |
| r-release-windows-x86_64 | 1.2.7 | 56.00 | 192.00 | 248.00 | OK | |
| r-oldrel-macos-arm64 | 1.2.6 | 20.00 | 50.00 | 70.00 | NOTE | |
| r-oldrel-macos-x86_64 | 1.2.6 | 20.00 | 71.00 | 91.00 | NOTE | |
| r-oldrel-windows-x86_64 | 1.2.6 | 52.00 | 237.00 | 289.00 | OK | 
Version: 1.2.6
Check: installed package size
Result: NOTE
    installed size is 93.4Mb
    sub-directories of 1Mb or more:
      libs  92.8Mb
Flavors: r-oldrel-macos-arm64, r-oldrel-macos-x86_64