Last updated on 2025-10-27 19:52:54 CET.
| Flavor | Version | Tinstall | Tcheck | Ttotal | Status | Flags |
|---|---|---|---|---|---|---|
| r-devel-linux-x86_64-debian-clang | 0.1.0 | 3.14 | 33.42 | 36.56 | NOTE | |
| r-devel-linux-x86_64-debian-gcc | 0.1.0 | 2.51 | 25.82 | 28.33 | NOTE | |
| r-devel-linux-x86_64-fedora-clang | 0.1.0 | 16.00 | 43.56 | 59.56 | OK | |
| r-devel-linux-x86_64-fedora-gcc | 0.1.0 | 68.00 | OK | |||
| r-devel-windows-x86_64 | 0.1.0 | 5.00 | 51.00 | 56.00 | OK | |
| r-patched-linux-x86_64 | 0.1.0 | 3.19 | 31.64 | 34.83 | OK | |
| r-release-linux-x86_64 | 0.1.0 | 2.71 | 31.42 | 34.13 | OK | |
| r-release-macos-arm64 | 0.1.0 | 2.00 | 32.00 | 34.00 | OK | |
| r-release-macos-x86_64 | 0.1.0 | 3.00 | 51.00 | 54.00 | OK | |
| r-release-windows-x86_64 | 0.1.0 | 5.00 | 52.00 | 57.00 | OK | |
| r-oldrel-macos-arm64 | 0.1.0 | 1.00 | 26.00 | 27.00 | OK | |
| r-oldrel-macos-x86_64 | 0.1.0 | 2.00 | 38.00 | 40.00 | OK | |
| r-oldrel-windows-x86_64 | 0.1.0 | 6.00 | 60.00 | 66.00 | OK |
Version: 0.1.0
Check: CRAN incoming feasibility
Result: NOTE
Maintainer: ‘Stéphane Laurent <laurent_step@outlook.fr>’
No Authors@R field in DESCRIPTION.
Please add one, modifying
Authors@R: person(given = "Stéphane",
family = "Laurent",
role = c("aut", "cre"),
email = "laurent_step@outlook.fr")
as necessary.
Flavors: r-devel-linux-x86_64-debian-clang, r-devel-linux-x86_64-debian-gcc